{"id":533,"date":"2021-06-11T19:23:59","date_gmt":"2021-06-11T18:23:59","guid":{"rendered":"https:\/\/fest.ubt-uni.net\/2021\/?page_id=533"},"modified":"2021-06-11T19:24:08","modified_gmt":"2021-06-11T18:24:08","slug":"ngjarje-dhe-argetim","status":"publish","type":"page","link":"https:\/\/fest.ubt-uni.net\/2022\/ngjarje-dhe-argetim\/","title":{"rendered":"Ngjarje dhe Arg\u00ebtim"},"content":{"rendered":"<section\n  class=\"js-container-async ajax-posts is-expanded-filters\"\n  data-post-type=\"event\"\n  data-quantity=\"50\"\n  data-multiselect=\"true\"\n>\n  <div class=\"ajax-posts__status\" style=\"display:none;\"><\/div>\n \n  <div class=\"ajax-posts__view col-md-12\">  \n    <aside class=\"ajax-posts__filters col-lg-3 sidebar d-none d-md-block p-0\">\n              <div class=\"ajax-posts__filterlist\">\n    <h3>faculty<\/h3>\n    <ul class=\"ajax-post__filter-category taxonomy-faculty\">\n              <li>\n          <a href=\"https:\/\/fest.ubt-uni.net\/2022\/en\/faculty\/agriculture-and-environmental-engineering\/\" class=\"ajax-posts__filter d-flex justify-content-between\" data-filter=\"faculty\" data-term=\"agriculture-and-environmental-engineering\">\n              Agriculture &amp; Environmental Engineering          <\/a>\n        <\/li>\n              <li>\n          <a href=\"https:\/\/fest.ubt-uni.net\/2022\/en\/faculty\/anesthesiology-technician\/\" class=\"ajax-posts__filter d-flex justify-content-between\" data-filter=\"faculty\" data-term=\"anesthesiology-technician\">\n              Anesthesiology Technician          <\/a>\n        <\/li>\n              <li>\n          <a href=\"https:\/\/fest.ubt-uni.net\/2022\/en\/faculty\/architecture-and-spatial-planning\/\" class=\"ajax-posts__filter d-flex justify-content-between\" data-filter=\"faculty\" data-term=\"architecture-and-spatial-planning\">\n              Architecture and Spatial Planning          <\/a>\n        <\/li>\n              <li>\n          <a href=\"https:\/\/fest.ubt-uni.net\/2022\/faculty\/arkitekture-dhe-planifikim-hapesinor\/\" class=\"ajax-posts__filter d-flex justify-content-between\" data-filter=\"faculty\" data-term=\"arkitekture-dhe-planifikim-hapesinor\">\n              Arkitektur\u00eb dhe Planifikim Hap\u00ebsinor          <\/a>\n        <\/li>\n              <li>\n          <a href=\"https:\/\/fest.ubt-uni.net\/2022\/faculty\/arti-dhe-mediat-digjitale\/\" class=\"ajax-posts__filter d-flex justify-content-between\" data-filter=\"faculty\" data-term=\"arti-dhe-mediat-digjitale\">\n              Arti dhe Mediat Digjitale          <\/a>\n        <\/li>\n              <li>\n          <a href=\"https:\/\/fest.ubt-uni.net\/2022\/en\/faculty\/arts-and-digital-media\/\" class=\"ajax-posts__filter d-flex justify-content-between\" data-filter=\"faculty\" data-term=\"arts-and-digital-media\">\n              Arts and Digital Media          <\/a>\n        <\/li>\n              <li>\n          <a href=\"https:\/\/fest.ubt-uni.net\/2022\/en\/faculty\/career-orientation-office\/\" class=\"ajax-posts__filter d-flex justify-content-between\" data-filter=\"faculty\" data-term=\"career-orientation-office\">\n              Career Orientation Office          <\/a>\n        <\/li>\n              <li>\n          <a href=\"https:\/\/fest.ubt-uni.net\/2022\/en\/faculty\/computer-science-and-engineering\/\" class=\"ajax-posts__filter d-flex justify-content-between\" data-filter=\"faculty\" data-term=\"computer-science-and-engineering\">\n              Computer Science and Engineering          <\/a>\n        <\/li>\n              <li>\n          <a href=\"https:\/\/fest.ubt-uni.net\/2022\/en\/faculty\/construction-engineering-and-infrastructure\/\" class=\"ajax-posts__filter d-flex justify-content-between\" data-filter=\"faculty\" data-term=\"construction-engineering-and-infrastructure\">\n              Construction Engineering &amp; Infrastructure          <\/a>\n        <\/li>\n              <li>\n          <a href=\"https:\/\/fest.ubt-uni.net\/2022\/en\/faculty\/dentistry\/\" class=\"ajax-posts__filter d-flex justify-content-between\" data-filter=\"faculty\" data-term=\"dentistry\">\n              Dentistry          <\/a>\n        <\/li>\n              <li>\n          <a href=\"https:\/\/fest.ubt-uni.net\/2022\/faculty\/dizajn-i-integruar\/\" class=\"ajax-posts__filter d-flex justify-content-between\" data-filter=\"faculty\" data-term=\"dizajn-i-integruar\">\n              Dizajn i Integruar          <\/a>\n        <\/li>\n              <li>\n          <a href=\"https:\/\/fest.ubt-uni.net\/2022\/en\/faculty\/energy-engineering-and-management\/\" class=\"ajax-posts__filter d-flex justify-content-between\" data-filter=\"faculty\" data-term=\"energy-engineering-and-management\">\n              Energy Engineering and Management          <\/a>\n        <\/li>\n              <li>\n          <a href=\"https:\/\/fest.ubt-uni.net\/2022\/en\/faculty\/english-language\/\" class=\"ajax-posts__filter d-flex justify-content-between\" data-filter=\"faculty\" data-term=\"english-language\">\n              English Language          <\/a>\n        <\/li>\n              <li>\n          <a href=\"https:\/\/fest.ubt-uni.net\/2022\/faculty\/farmaci\/\" class=\"ajax-posts__filter d-flex justify-content-between\" data-filter=\"faculty\" data-term=\"farmaci\">\n              Farmaci          <\/a>\n        <\/li>\n              <li>\n          <a href=\"https:\/\/fest.ubt-uni.net\/2022\/en\/faculty\/food-science-and-biotechnology-and-agriculture-and-environmental-engineering\/\" class=\"ajax-posts__filter d-flex justify-content-between\" data-filter=\"faculty\" data-term=\"food-science-and-biotechnology-and-agriculture-and-environmental-engineering\">\n              Food Science and Biotechnology          <\/a>\n        <\/li>\n              <li>\n          <a href=\"https:\/\/fest.ubt-uni.net\/2022\/faculty\/gjuhe-angleze\/\" class=\"ajax-posts__filter d-flex justify-content-between\" data-filter=\"faculty\" data-term=\"gjuhe-angleze\">\n              Gjuh\u00eb Angleze          <\/a>\n        <\/li>\n              <li>\n          <a href=\"https:\/\/fest.ubt-uni.net\/2022\/faculty\/infermieri\/\" class=\"ajax-posts__filter d-flex justify-content-between\" data-filter=\"faculty\" data-term=\"infermieri\">\n              Infermieri          <\/a>\n        <\/li>\n              <li>\n          <a href=\"https:\/\/fest.ubt-uni.net\/2022\/en\/faculty\/information-systems\/\" class=\"ajax-posts__filter d-flex justify-content-between\" data-filter=\"faculty\" data-term=\"information-systems\">\n              Information Systems          <\/a>\n        <\/li>\n              <li>\n          <a href=\"https:\/\/fest.ubt-uni.net\/2022\/en\/faculty\/integrated-design\/\" class=\"ajax-posts__filter d-flex justify-content-between\" data-filter=\"faculty\" data-term=\"integrated-design\">\n              Integrated Design          <\/a>\n        <\/li>\n              <li>\n          <a href=\"https:\/\/fest.ubt-uni.net\/2022\/faculty\/inxhinieri-e-energjise-dhe-menaxhement\/\" class=\"ajax-posts__filter d-flex justify-content-between\" data-filter=\"faculty\" data-term=\"inxhinieri-e-energjise-dhe-menaxhement\">\n              Inxhinieri e Energjis\u00eb dhe Menaxhement          <\/a>\n        <\/li>\n              <li>\n          <a href=\"https:\/\/fest.ubt-uni.net\/2022\/faculty\/inxhinieri-ndertimore-dhe-infrastrukture\/\" class=\"ajax-posts__filter d-flex justify-content-between\" data-filter=\"faculty\" data-term=\"inxhinieri-ndertimore-dhe-infrastrukture\">\n              Inxhinieri Nd\u00ebrtimore dhe Infrastruktur\u00eb          <\/a>\n        <\/li>\n              <li>\n          <a href=\"https:\/\/fest.ubt-uni.net\/2022\/faculty\/inxhinieria-e-agrikultures-dhe-mjedisit\/\" class=\"ajax-posts__filter d-flex justify-content-between\" data-filter=\"faculty\" data-term=\"inxhinieria-e-agrikultures-dhe-mjedisit\">\n              Inxhinieria e Agrikultur\u00ebs dhe Mjedisit          <\/a>\n        <\/li>\n              <li>\n          <a href=\"https:\/\/fest.ubt-uni.net\/2022\/faculty\/junior-hub\/\" class=\"ajax-posts__filter d-flex justify-content-between\" data-filter=\"faculty\" data-term=\"junior-hub\">\n              Junior Hub          <\/a>\n        <\/li>\n              <li>\n          <a href=\"https:\/\/fest.ubt-uni.net\/2022\/en\/faculty\/junior-hub-en\/\" class=\"ajax-posts__filter d-flex justify-content-between\" data-filter=\"faculty\" data-term=\"junior-hub-en\">\n              Junior Hub          <\/a>\n        <\/li>\n              <li>\n          <a href=\"https:\/\/fest.ubt-uni.net\/2022\/faculty\/juridik\/\" class=\"ajax-posts__filter d-flex justify-content-between\" data-filter=\"faculty\" data-term=\"juridik\">\n              Juridik          <\/a>\n        <\/li>\n              <li>\n          <a href=\"https:\/\/fest.ubt-uni.net\/2022\/en\/faculty\/law\/\" class=\"ajax-posts__filter d-flex justify-content-between\" data-filter=\"faculty\" data-term=\"law\">\n              Law          <\/a>\n        <\/li>\n              <li>\n          <a href=\"https:\/\/fest.ubt-uni.net\/2022\/en\/faculty\/management-business-and-economics\/\" class=\"ajax-posts__filter d-flex justify-content-between\" data-filter=\"faculty\" data-term=\"management-business-and-economics\">\n              Management, Business and Economics          <\/a>\n        <\/li>\n              <li>\n          <a href=\"https:\/\/fest.ubt-uni.net\/2022\/en\/faculty\/mechatronics-management\/\" class=\"ajax-posts__filter d-flex justify-content-between\" data-filter=\"faculty\" data-term=\"mechatronics-management\">\n              Mechatronics Management          <\/a>\n        <\/li>\n              <li>\n          <a href=\"https:\/\/fest.ubt-uni.net\/2022\/en\/faculty\/media-and-communication\/\" class=\"ajax-posts__filter d-flex justify-content-between\" data-filter=\"faculty\" data-term=\"media-and-communication\">\n              Media and Communication          <\/a>\n        <\/li>\n              <li>\n          <a href=\"https:\/\/fest.ubt-uni.net\/2022\/faculty\/media-dhe-komunikim\/\" class=\"ajax-posts__filter d-flex justify-content-between\" data-filter=\"faculty\" data-term=\"media-dhe-komunikim\">\n              Media dhe Komunikim          <\/a>\n        <\/li>\n              <li>\n          <a href=\"https:\/\/fest.ubt-uni.net\/2022\/faculty\/menaxhim-i-mekatronikes\/\" class=\"ajax-posts__filter d-flex justify-content-between\" data-filter=\"faculty\" data-term=\"menaxhim-i-mekatronikes\">\n              Menaxhim i Mekatronik\u00ebs          <\/a>\n        <\/li>\n              <li>\n          <a href=\"https:\/\/fest.ubt-uni.net\/2022\/faculty\/menaxhim-i-pasurive-te-paluajtshme-kolegji-eslg\/\" class=\"ajax-posts__filter d-flex justify-content-between\" data-filter=\"faculty\" data-term=\"menaxhim-i-pasurive-te-paluajtshme-kolegji-eslg\">\n              Menaxhimi i Patundshm\u00ebrive - Kolegji ESLG          <\/a>\n        <\/li>\n              <li>\n          <a href=\"https:\/\/fest.ubt-uni.net\/2022\/faculty\/menaxhment-biznes-dhe-ekonomi\/\" class=\"ajax-posts__filter d-flex justify-content-between\" data-filter=\"faculty\" data-term=\"menaxhment-biznes-dhe-ekonomi\">\n              Menaxhment, Biznes dhe Ekonomi          <\/a>\n        <\/li>\n              <li>\n          <a href=\"https:\/\/fest.ubt-uni.net\/2022\/en\/faculty\/modern-music-digital-production-and-management\/\" class=\"ajax-posts__filter d-flex justify-content-between\" data-filter=\"faculty\" data-term=\"modern-music-digital-production-and-management\">\n              Modern Music, Digital Production and Management          <\/a>\n        <\/li>\n              <li>\n          <a href=\"https:\/\/fest.ubt-uni.net\/2022\/faculty\/muzike-moderne-produksion-digjital-dhe-menaxhment\/\" class=\"ajax-posts__filter d-flex justify-content-between\" data-filter=\"faculty\" data-term=\"muzike-moderne-produksion-digjital-dhe-menaxhment\">\n              Muzike Moderne, Produksion Digjital dhe Menaxhment          <\/a>\n        <\/li>\n              <li>\n          <a href=\"https:\/\/fest.ubt-uni.net\/2022\/en\/faculty\/nursing\/\" class=\"ajax-posts__filter d-flex justify-content-between\" data-filter=\"faculty\" data-term=\"nursing\">\n              Nursing          <\/a>\n        <\/li>\n              <li>\n          <a href=\"https:\/\/fest.ubt-uni.net\/2022\/en\/faculty\/pharmacy\/\" class=\"ajax-posts__filter d-flex justify-content-between\" data-filter=\"faculty\" data-term=\"pharmacy\">\n              Pharmacy          <\/a>\n        <\/li>\n              <li>\n          <a href=\"https:\/\/fest.ubt-uni.net\/2022\/en\/faculty\/political-science\/\" class=\"ajax-posts__filter d-flex justify-content-between\" data-filter=\"faculty\" data-term=\"political-science\">\n              Political Science          <\/a>\n        <\/li>\n              <li>\n          <a href=\"https:\/\/fest.ubt-uni.net\/2022\/en\/faculty\/professional-school\/\" class=\"ajax-posts__filter d-flex justify-content-between\" data-filter=\"faculty\" data-term=\"professional-school\">\n              Professional School          <\/a>\n        <\/li>\n              <li>\n          <a href=\"https:\/\/fest.ubt-uni.net\/2022\/faculty\/psikologji\/\" class=\"ajax-posts__filter d-flex justify-content-between\" data-filter=\"faculty\" data-term=\"psikologji\">\n              Psikologji          <\/a>\n        <\/li>\n              <li>\n          <a href=\"https:\/\/fest.ubt-uni.net\/2022\/en\/faculty\/psychology\/\" class=\"ajax-posts__filter d-flex justify-content-between\" data-filter=\"faculty\" data-term=\"psychology\">\n              Psychology          <\/a>\n        <\/li>\n              <li>\n          <a href=\"https:\/\/fest.ubt-uni.net\/2022\/faculty\/qendra-keshilluese-per-studente\/\" class=\"ajax-posts__filter d-flex justify-content-between\" data-filter=\"faculty\" data-term=\"qendra-keshilluese-per-studente\">\n              Qendra K\u00ebshilluese p\u00ebr Student\u00eb          <\/a>\n        <\/li>\n              <li>\n          <a href=\"https:\/\/fest.ubt-uni.net\/2022\/en\/faculty\/radiology-technican\/\" class=\"ajax-posts__filter d-flex justify-content-between\" data-filter=\"faculty\" data-term=\"radiology-technican\">\n              Radiology Technician          <\/a>\n        <\/li>\n              <li>\n          <a href=\"https:\/\/fest.ubt-uni.net\/2022\/en\/faculty\/eslg-college\/\" class=\"ajax-posts__filter d-flex justify-content-between\" data-filter=\"faculty\" data-term=\"eslg-college\">\n              Real Estate Management - ESLG College          <\/a>\n        <\/li>\n              <li>\n          <a href=\"https:\/\/fest.ubt-uni.net\/2022\/en\/faculty\/security-studies\/\" class=\"ajax-posts__filter d-flex justify-content-between\" data-filter=\"faculty\" data-term=\"security-studies\">\n              Security Studies          <\/a>\n        <\/li>\n              <li>\n          <a href=\"https:\/\/fest.ubt-uni.net\/2022\/faculty\/shkenca-kompjuterike-dhe-inxhinieri\/\" class=\"ajax-posts__filter d-flex justify-content-between\" data-filter=\"faculty\" data-term=\"shkenca-kompjuterike-dhe-inxhinieri\">\n              Shkenca Kompjuterike dhe Inxhinieri          <\/a>\n        <\/li>\n              <li>\n          <a href=\"https:\/\/fest.ubt-uni.net\/2022\/faculty\/shkenca-politike\/\" class=\"ajax-posts__filter d-flex justify-content-between\" data-filter=\"faculty\" data-term=\"shkenca-politike\">\n              Shkenca Politike          <\/a>\n        <\/li>\n              <li>\n          <a href=\"https:\/\/fest.ubt-uni.net\/2022\/faculty\/shkenca-te-sportit-dhe-te-levizjes\/\" class=\"ajax-posts__filter d-flex justify-content-between\" data-filter=\"faculty\" data-term=\"shkenca-te-sportit-dhe-te-levizjes\">\n              Shkenca t\u00eb Sportit dhe te Levizjes          <\/a>\n        <\/li>\n              <li>\n          <a href=\"https:\/\/fest.ubt-uni.net\/2022\/faculty\/shkencat-e-ushqimit-dhe-bioteknologji\/\" class=\"ajax-posts__filter d-flex justify-content-between\" data-filter=\"faculty\" data-term=\"shkencat-e-ushqimit-dhe-bioteknologji\">\n              Shkencat e Ushqimit dhe Bioteknologji          <\/a>\n        <\/li>\n              <li>\n          <a href=\"https:\/\/fest.ubt-uni.net\/2022\/faculty\/shkolla-profesionale\/\" class=\"ajax-posts__filter d-flex justify-content-between\" data-filter=\"faculty\" data-term=\"shkolla-profesionale\">\n              Shkolla Profesionale          <\/a>\n        <\/li>\n              <li>\n          <a href=\"https:\/\/fest.ubt-uni.net\/2022\/faculty\/sistemet-e-informacionit\/\" class=\"ajax-posts__filter d-flex justify-content-between\" data-filter=\"faculty\" data-term=\"sistemet-e-informacionit\">\n              Sistemet e Informacionit          <\/a>\n        <\/li>\n              <li>\n          <a href=\"https:\/\/fest.ubt-uni.net\/2022\/en\/faculty\/sports-and-movement-science\/\" class=\"ajax-posts__filter d-flex justify-content-between\" data-filter=\"faculty\" data-term=\"sports-and-movement-science\">\n              Sports and Movement Science          <\/a>\n        <\/li>\n              <li>\n          <a href=\"https:\/\/fest.ubt-uni.net\/2022\/faculty\/stomatologji\/\" class=\"ajax-posts__filter d-flex justify-content-between\" data-filter=\"faculty\" data-term=\"stomatologji\">\n              Stomatologji          <\/a>\n        <\/li>\n              <li>\n          <a href=\"https:\/\/fest.ubt-uni.net\/2022\/en\/faculty\/student-counselling-center\/\" class=\"ajax-posts__filter d-flex justify-content-between\" data-filter=\"faculty\" data-term=\"student-counselling-center\">\n              Student Counselling Center          <\/a>\n        <\/li>\n              <li>\n          <a href=\"https:\/\/fest.ubt-uni.net\/2022\/faculty\/studime-te-sigurise\/\" class=\"ajax-posts__filter d-flex justify-content-between\" data-filter=\"faculty\" data-term=\"studime-te-sigurise\">\n              Studime t\u00eb Siguris\u00eb          <\/a>\n        <\/li>\n              <li>\n          <a href=\"https:\/\/fest.ubt-uni.net\/2022\/faculty\/teknik-i-anesteziologjise\/\" class=\"ajax-posts__filter d-flex justify-content-between\" data-filter=\"faculty\" data-term=\"teknik-i-anesteziologjise\">\n              Teknik i Anesteziologjis\u00eb          <\/a>\n        <\/li>\n              <li>\n          <a href=\"https:\/\/fest.ubt-uni.net\/2022\/faculty\/teknik-i-radiologjise\/\" class=\"ajax-posts__filter d-flex justify-content-between\" data-filter=\"faculty\" data-term=\"teknik-i-radiologjise\">\n              Teknik i Radiologjis\u00eb          <\/a>\n        <\/li>\n              <li>\n          <a href=\"https:\/\/fest.ubt-uni.net\/2022\/en\/faculty\/tourism\/\" class=\"ajax-posts__filter d-flex justify-content-between\" data-filter=\"faculty\" data-term=\"tourism\">\n              Tourism          <\/a>\n        <\/li>\n              <li>\n          <a href=\"https:\/\/fest.ubt-uni.net\/2022\/faculty\/turizmi\/\" class=\"ajax-posts__filter d-flex justify-content-between\" data-filter=\"faculty\" data-term=\"turizmi\">\n              Turizmi          <\/a>\n        <\/li>\n              <li>\n          <a href=\"https:\/\/fest.ubt-uni.net\/2022\/faculty\/zyrja-pe-orientim-ne-karriere\/\" class=\"ajax-posts__filter d-flex justify-content-between\" data-filter=\"faculty\" data-term=\"zyrja-pe-orientim-ne-karriere\">\n              Zyra p\u00ebr Orientim n\u00eb Karrier\u00eb          <\/a>\n        <\/li>\n          <\/ul>\n    <div class=\"\">\n       <a href=\"https:\/\/fest.ubt-uni.net\/2022\/ngjarje-dhe-argetim\/\" class=\"\">Clear Filters<\/a>\n    <\/div>\n          <div class=\"ajax-posts__filter-toggle\">\n        <a href=\"#\" class=\"js-collapse-filterlist ajax-posts__filter-toggle-show\">Show more<\/a>\n        <a href=\"#\" class=\"js-collapse-filterlist ajax-posts__filter-toggle-hide\">Show less<\/a>\n      <\/div>\n    <\/div>\n        <\/aside>\n    <div class=\"ajax-posts__posts col-lg-9\">\n              <div class=\"col-md-6 d-flex align-items-stretch ftco-animate fadeInUp ftco-animated\">\n        <div class=\"project-wrap\">\n          <a href=\"https:\/\/fest.ubt-uni.net\/2022\/event\/movie-night\/\" class=\"img\" style=\"background-image: url(https:\/\/fest.ubt-uni.net\/2022\/wp-content\/uploads\/2022\/06\/Movie-NIGHT-scaled.jpg;\">\n            <span class=\"price\">\n                Arti dhe Mediat Digjitale            <\/span>\n          <\/a>\n          <div class=\"text p-4\">\n            <h3 class=\"text-uppercase\" style=\"height: 60px;\">\n                <a href=\"https:\/\/fest.ubt-uni.net\/2022\/event\/movie-night\/\">\n                    Movie NIGHT                <\/a>\n            <\/h3>\n            <ul class=\"d-flex justify-content-end\">\n              <li class=\"price\"><\/li>\n            <\/ul>\n          <\/div>\n        <\/div>\n    <\/div>\n     <div class=\"col-md-6 d-flex align-items-stretch ftco-animate fadeInUp ftco-animated\">\n        <div class=\"project-wrap\">\n          <a href=\"https:\/\/fest.ubt-uni.net\/2022\/en\/event\/movie-night-2\/\" class=\"img\" style=\"background-image: url(https:\/\/fest.ubt-uni.net\/2022\/wp-content\/uploads\/2022\/06\/Movie-NIGHT-scaled.jpg;\">\n            <span class=\"price\">\n                Arts and Digital Media            <\/span>\n          <\/a>\n          <div class=\"text p-4\">\n            <h3 class=\"text-uppercase\" style=\"height: 60px;\">\n                <a href=\"https:\/\/fest.ubt-uni.net\/2022\/en\/event\/movie-night-2\/\">\n                    Movie NIGHT                <\/a>\n            <\/h3>\n            <ul class=\"d-flex justify-content-end\">\n              <li class=\"price\"><\/li>\n            <\/ul>\n          <\/div>\n        <\/div>\n    <\/div>\n     <div class=\"col-md-6 d-flex align-items-stretch ftco-animate fadeInUp ftco-animated\">\n        <div class=\"project-wrap\">\n          <a href=\"https:\/\/fest.ubt-uni.net\/2022\/event\/open-air-concert\/\" class=\"img\" style=\"background-image: url(https:\/\/fest.ubt-uni.net\/2022\/wp-content\/uploads\/2022\/06\/Menaxhimi-i-Open-Air-Koncertit.jpg;\">\n            <span class=\"price\">\n                Muzike Moderne, Produksion Digjital dhe Menaxhment            <\/span>\n          <\/a>\n          <div class=\"text p-4\">\n            <h3 class=\"text-uppercase\" style=\"height: 60px;\">\n                <a href=\"https:\/\/fest.ubt-uni.net\/2022\/event\/open-air-concert\/\">\n                    Open Air Concert                <\/a>\n            <\/h3>\n            <ul class=\"d-flex justify-content-end\">\n              <li class=\"price\">08 July (20:00 - 23:00)<\/li>\n            <\/ul>\n          <\/div>\n        <\/div>\n    <\/div>\n     <div class=\"col-md-6 d-flex align-items-stretch ftco-animate fadeInUp ftco-animated\">\n        <div class=\"project-wrap\">\n          <a href=\"https:\/\/fest.ubt-uni.net\/2022\/en\/event\/open-air-concert-2\/\" class=\"img\" style=\"background-image: url(https:\/\/fest.ubt-uni.net\/2022\/wp-content\/uploads\/2022\/06\/Menaxhimi-i-Open-Air-Koncertit.jpg;\">\n            <span class=\"price\">\n                Modern Music, Digital Production and Management            <\/span>\n          <\/a>\n          <div class=\"text p-4\">\n            <h3 class=\"text-uppercase\" style=\"height: 60px;\">\n                <a href=\"https:\/\/fest.ubt-uni.net\/2022\/en\/event\/open-air-concert-2\/\">\n                    Open Air Concert                <\/a>\n            <\/h3>\n            <ul class=\"d-flex justify-content-end\">\n              <li class=\"price\">08 July (20:00 - 23:00)<\/li>\n            <\/ul>\n          <\/div>\n        <\/div>\n    <\/div>\n     <div class=\"col-md-6 d-flex align-items-stretch ftco-animate fadeInUp ftco-animated\">\n        <div class=\"project-wrap\">\n          <a href=\"https:\/\/fest.ubt-uni.net\/2022\/en\/event\/outdoor-walking-hiking\/\" class=\"img\" style=\"background-image: url(https:\/\/fest.ubt-uni.net\/2022\/wp-content\/uploads\/2022\/06\/SHETITJE-NE-NATYRE-\u2013-HIKING.jpg;\">\n            <span class=\"price\">\n                Sports and Movement Science            <\/span>\n          <\/a>\n          <div class=\"text p-4\">\n            <h3 class=\"text-uppercase\" style=\"height: 60px;\">\n                <a href=\"https:\/\/fest.ubt-uni.net\/2022\/en\/event\/outdoor-walking-hiking\/\">\n                    OUTDOOR WALKING \u2013 HIKING                <\/a>\n            <\/h3>\n            <ul class=\"d-flex justify-content-end\">\n              <li class=\"price\"><\/li>\n            <\/ul>\n          <\/div>\n        <\/div>\n    <\/div>\n     <div class=\"col-md-6 d-flex align-items-stretch ftco-animate fadeInUp ftco-animated\">\n        <div class=\"project-wrap\">\n          <a href=\"https:\/\/fest.ubt-uni.net\/2022\/event\/shetitje-ne-natyre-hiking\/\" class=\"img\" style=\"background-image: url(https:\/\/fest.ubt-uni.net\/2022\/wp-content\/uploads\/2022\/06\/SHETITJE-NE-NATYRE-\u2013-HIKING.jpg;\">\n            <span class=\"price\">\n                Shkenca t\u00eb Sportit dhe te Levizjes            <\/span>\n          <\/a>\n          <div class=\"text p-4\">\n            <h3 class=\"text-uppercase\" style=\"height: 60px;\">\n                <a href=\"https:\/\/fest.ubt-uni.net\/2022\/event\/shetitje-ne-natyre-hiking\/\">\n                    SH\u00cbTITJE NE NATYR\u00cb \u2013 HIKING                <\/a>\n            <\/h3>\n            <ul class=\"d-flex justify-content-end\">\n              <li class=\"price\"><\/li>\n            <\/ul>\n          <\/div>\n        <\/div>\n    <\/div>\n      <\/div>\n  <\/div>\n  <div class=\"ajax-posts__spinner\">\n    <span class=\"ajax-posts__screen-reader-only\">Loading<\/span>\n  <\/div>\n<\/section>\n","protected":false},"excerpt":{"rendered":"","protected":false},"author":1,"featured_media":353,"parent":0,"menu_order":0,"comment_status":"closed","ping_status":"closed","template":"template-archive.php","meta":{"_acf_changed":false,"footnotes":""},"class_list":["post-533","page","type-page","status-publish","has-post-thumbnail","hentry"],"acf":[],"_links":{"self":[{"href":"https:\/\/fest.ubt-uni.net\/2022\/wp-json\/wp\/v2\/pages\/533","targetHints":{"allow":["GET"]}}],"collection":[{"href":"https:\/\/fest.ubt-uni.net\/2022\/wp-json\/wp\/v2\/pages"}],"about":[{"href":"https:\/\/fest.ubt-uni.net\/2022\/wp-json\/wp\/v2\/types\/page"}],"author":[{"embeddable":true,"href":"https:\/\/fest.ubt-uni.net\/2022\/wp-json\/wp\/v2\/users\/1"}],"replies":[{"embeddable":true,"href":"https:\/\/fest.ubt-uni.net\/2022\/wp-json\/wp\/v2\/comments?post=533"}],"version-history":[{"count":2,"href":"https:\/\/fest.ubt-uni.net\/2022\/wp-json\/wp\/v2\/pages\/533\/revisions"}],"predecessor-version":[{"id":535,"href":"https:\/\/fest.ubt-uni.net\/2022\/wp-json\/wp\/v2\/pages\/533\/revisions\/535"}],"wp:featuredmedia":[{"embeddable":true,"href":"https:\/\/fest.ubt-uni.net\/2022\/wp-json\/wp\/v2\/media\/353"}],"wp:attachment":[{"href":"https:\/\/fest.ubt-uni.net\/2022\/wp-json\/wp\/v2\/media?parent=533"}],"curies":[{"name":"wp","href":"https:\/\/api.w.org\/{rel}","templated":true}]}}